 - 2393 = 0. Is u prime?
False
Suppose -4*g + 2171 = -1281. Is g a prime number?
True
Let k = -454 - -721. Suppose -10*p + 11*p - k = 0. Is p a prime number?
False
Let x(y) = 60*y + 47. Is x(7) prime?
True
Is (1/(-5)*2)/((-2)/19735) prime?
True
Let i(v) = -400*v - 513. Is i(-14) a composite number?
False
Let c(h) = -14*h + 4. Suppose 6*g + 15 = 3*g. Is c(g) a prime number?
False
Suppose 4*d = 5*d - 4. Suppose 2*g - 4*f - 1255 = -429, -d*g + 2*f = -1634. Is g a composite number?
True
Suppose 5589 = 4*x + 1461. Suppose 0 = u + 4, -4*g + u + x = 2*u. Is g composite?
True
Let r = -9 + 11. Let x(k) = 5 + 6*k**3 - r*k**3 - 10*k**2 + 6*k - 3*k**3 + 8*k. Is x(10) composite?
True
Suppose 0 = -l + 5*z - 19, 3*l = -l + z. Let j(d) = -d. Let i be j(0). Is (i + 1)/(l/131) prime?
True
Let r = -41 + 82. Suppose 0 = -5*s - g + 5*g + r, -2*s = -4*g - 26. Suppose 712 = s*h + 117. Is h a prime number?
False
Let t be ((-2)/(-2))/(10 + -9). Let y(a) = 555*a**2 - 2*a + 1. Is y(t) a composite number?
True
Suppose 5*f - 3721 = -551. Suppose u - 359 - f = 0. Is u prime?
False
Let b(l) = -4*l**3 + 2*l**2 + 3*l + 31. Is b(-10) prime?
True
Suppose -2*q + 10 = 2*o, 6*o - 10*o + 2*q = -14. Suppose o*j = -5*k + 5507, k + 2*j - 621 = 484. Is k prime?
False
Suppose v + 4*m - 878 = 1621, -5*m = -3*v + 7514. Is v composite?
False
Suppose 0 = 4*z, 4 = 3*m + 3*z - 104. Suppose 2*t = 5*t + m. Is (-3759)/(-9) - 16/t composite?
False
Let g = -11 + 13. Is g/(-4)*(85*-31 + -3) a composite number?
False
Let x be (-4 - -4) + -225 - (1 + -1). Let p = x - -592. Is p prime?
True
Let j be 3/7 + 6116/(-28). Let r be 8/12*(-78)/4. Let c = r - j. Is c a prime number?
False
Let n be (-1 + (-22 - -1))*1. Suppose m = -1 + 2, 0 = 5*s + 4*m + 371. Let g = n - s. Is g composite?
False
Let y(f) = -12*f + 3 - 17*f**2 + 18*f**2 - 5. Let t be y(12). Is t/(-5) + (-653)/(-5) composite?
False
Suppose -5*b - 4*z = -372954 + 81393, 0 = 2*z - 8. Is b a composite number?
False
Suppose 2*d - 102046 = -4*z - 7104, z = 3*d - 142413. Is d a composite number?
True
Suppose -d + 0*i + 4*i - 4 = 0, -3*i - 6 = -3*d. Suppose 2*j = -v - 2*v + 23, j = d*v - 16. Suppose 0 = 4*x - 3*r - 1499, -6*x = -2*x - v*r - 1509. Is x prime?
False
Let c = -40 - -57. Let v = -23 + c. Let j(f) = 3*f**2 + 8*f + 11. Is j(v) a prime number?
True
Let f = 6 - 7. Let a(j) = -j**2 - j. Let n be a(f). Suppose -5*u = -n*u - 95. Is u a composite number?
False
Let p = 24713 - 12706. Is p a prime number?
True
Is (5015 - (-4)/1) + (-12 - -14) prime?
True
Suppose 5*f - f = 4*q - 28, -4*f - 20 = -2*q. Suppose -q*p + 395 = p. Suppose 2*v - v = p. Is v prime?
True
Let n be (-16 + -606)*(-1)/2. Suppose v - n = o + 661, 4*v = 5*o + 3893. Is v composite?
False
Is ((1848/60)/7)/((-2)/(-13835)) prime?
False
Suppose 10*y = -44*y + 1963062. Is y a prime number?
True
Let k(w) = -7*w**2 + 11*w - 5. Let u(h) = -13*h**2 + 22*h - 11. Let v(i) = -13*k(i) + 6*u(i). Suppose -2 + 12 = b + 5*m, -2*m + 6 = 0. Is v(b) a prime number?
True
Suppose 3*o - 9997 = -6*j + 42404, 2*j - 17458 = -4*o. Is j composite?
True
Let x be (-9)/(-2)*(-16)/(-8). Suppose 0 = -2*u - x + 13. Suppose 3*t = 0, u*h - 674 = 3*t - 5*t. Is h a prime number?
True
Let z = -6369 + 15296. Is z composite?
True
Let k(m) = 7*m**2 - 6*m + 6. Let s be -2*(-4)/(4 + -2). Is k(s) composite?
True
Suppose 2*a = -o + 76867, 6*a + 3*o - 115308 = 3*a. Is a prime?
True
Let b = -148 - -1239. Is b a prime number?
True
Let l(v) = 173*v**2 - 5*v + 3. Let t be l(4). Suppose -t = -9*o + 6*o. Suppose 0*w = -w + o. Is w prime?
False
Let h = -10 - 3. Let w = -10 - h. Suppose 2*t + w*t = 105. Is t composite?
True
Suppose 4*r - 30 = 6. Is r - (4 + 1/(-1)) a composite number?
True
Suppose 157 = -4*y + 3*y. Let i = y + 306. Is i a prime number?
True
Suppose 0 = 11*o - 8*o. Suppose o = -4*x + 8, 0*f - 4399 = -3*f - 2*x. Suppose h - f = -4*h. Is h composite?
False
Let s(v) = 85*v + 6. Let m be s(-7). Let i be ((-1)/(9/726))/(1/(-12)). Let h = m + i. Is h a composite number?
False
Let u = -139 + 290. Let y be (-40)/((-27)/(-33) + -1). Let w = y - u. Is w a composite number?
True
Let i(z) = -z**2 + 7*z - 10. Let r be i(4). Suppose 0 = 4*u - 0*u + d - 863, -5*u = r*d - 1075. Is u a prime number?
False
Let z be (-9 - 7)*3/(-12). Suppose 2*m = z*m - 92. Is m a prime number?
False
Let b = -1 + -6. Is b/((-1)/33*3) a prime number?
False
Let g = 1406 - 147. Is g a composite number?
False
Let k = 20358 + -8929. Is k a prime number?
False
Is 69466/10 + (-5 - 108/(-20)) a prime number?
True
Let n(y) = 463*y - 5. Let i(d) = -d + 3. Let w be i(-7). Let r be w/6 - 1/(-3). Is n(r) a prime number?
False
Suppose -n + 6136 = 3*d, -2*d - 2*n + 4082 = 3*n. Let x = -755 + d. Is x composite?
False
Let o(u) = u**2 + 7*u + 3. Let j be o(-7). Suppose -2*g = j*g. Suppose g = -i + 253 + 40. Is i a composite number?
False
Let w(c) = 70*c - 573. Is w(64) prime?
True
Suppose -1 = 3*m + 2. Let v = -3 + m. Is (-3262)/v + 1/(-2) composite?
True
Suppose -2*o + o + 5*t - 1423 = 0, -3*o + 4*t = 4258. Let r = -956 - o. Is (-3)/(-1 + r/471) composite?
False
Let p = 6627 + -4106. Is p a prime number?
True
Let r = 3279 - -1276. Is r composite?
True
Suppose -17053 = 24*s - 116077. Is s prime?
False
Let i(p) = 13*p + 3*p**3 - 3*p - 11*p + 4*p - 10*p**2 - 13. Is i(10) composite?
False
Suppose -5*w + 2725 = -4*c, 2*w - 1077 = 3*c - 4*c. Is w prime?
True
Let x = -1060 - -2498. Is x a composite number?
True
Is (443862/27)/(-2*(-3)/9) a prime number?
True
Let t(s) = s + 1. Let n(w) = 458*w + 2. Let v(q) = -n(q) + t(q). Is v(-2) prime?
False
Let z = 7 - -11. Suppose -4*t + z = 2*s, t + 3*s = 2*t + 13. Suppose t*o = -4*q + 884, -q - o = -4*o - 235. Is q composite?
False
Is ((-44)/(-40))/(-11)*-31630 a prime number?
True
Let l(w) = -w**3 + 20*w**2 - 3*w - 85. Is l(-9) composite?
True
Suppose 0 = -125*x + 123*x + 8770. Is x a composite number?
True
Suppose 35*a = 17*a + 68454. Is a a composite number?
False
Suppose 2*w + 6 = 0, 4*l + 327 = -2*w + 3685. Let b = l - 383. Is b a prime number?
False
Let o be (24/54)/(4/18). Suppose -5*r + 237 = 4*c - 271, -r - 254 = -o*c. Is c a composite number?
False
Is ((-9)/((-36)/(-568)))/((-6)/15) prime?
False
Let h(c) = 761*c**3 + 3*c**2 - 2*c. Let t be h(1). Let q = t + -509. Is q a prime number?
False
Let n be (-107)/(-5) + (-3)/(-5). Suppose n*v = 30771 + 96235. Is v prime?
False
Let m(w) = -83*w + 9. Let a = -56 + 42. Is m(a) composite?
False
Let o = 13109 + -6812. Is o a composite number?
True
Let g(f) = -11*f - 6. Let k be g(10). Let a be 12*(k/(-6) - 4). Suppose 0 = -4*i + 268 + a. Is i composite?
False
Let b be 0/(18/30*5). Is 1502 - (b + -3)/3 - 1 prime?
False
Let o = 31 - -38. Is (-10 - o)/(2/(-10)) composite?
True
Let o(q) = q**2 + 392 - 3*q**2 - 411 + 40*q. Is o(19) a composite number?
False
Let n be ((-3)/2)/(3 + 5/(-2)). Let x(s) = -s**3 + 6*s**2 + 6*s + 9. Let z be x(7). Is (z/n)/(2/(-111)) a prime number?
True
Let m = 6577 - 12930. Let u = -1677 - m. Suppose -10*z - u = -14*z. Is z prime?
False
Let q(j) = -4*j + 4. Let b be q(-3). Suppose b*x = 11*x + 4985. Is x prime?
True
Let b = -35 - -24. Let k(q) = -q**3 - 12*q**2 - 13*q + 6. Let x be k(b). Suppose d - x = 83. Is d a composite number?
True
Suppose 69 = 5*m - w, 5*w = -3*m + 2*w + 45. Is (-1)/(-7) + 4226/m a composite number?
True
Let c(n) be the first derivative of -29*n**2/2 - 14*n - 6. Let m be c(6). Let j = m - -607. Is j a prime number?
True
Let y(s) = 77*s + 11. Let a be y(6). Let w = 674 - a. Is w prime?
False
Suppose -50*j + 702149 + 329201 = 0. Is j composite?
False
Let z(w) = w**3 + 4*w**2 - w - 2. Let a be z(-4). Suppose 0 = a*x - 935 + 159. Suppose -6*m + x = -1118. Is m prime?
True
Let o = -72 - -92. Is 2*65/o*94 prime?
False
Let c(k) = k + 17. Let j be c(0). Suppose 3*v - 9 = -3*h + 2*v, j = 5*h + v. Is 1682/8 + 3/h prime?
True
Suppose -15*c - 1317 + 10107 = 0. Is c a prime number?
False
Let z = -42 - -376. Let b = z - -57. Is b prime?
False
Let i(h) = 32*h**2 + 9*h + 12. Let a be (-4)/(-6)*-12 - -3. Is i(a) prime?
False
Suppose 0 = -4*u + 3*t + 24, -35 = -5*u - 2*t + 7*t. Suppose -321 - 666 = u*v. Let k = -128 - v. Is k a prime number?
False
Let u(a) be the second derivative of a**6/40 + a**5/120 + a**4/24 - a**3/3 + 2*a. Let w(h) be the second derivative o